of x(-1).
2, 13, 43
Let b = 7 - -149. List the prime factors of b.
2, 3, 13
Suppose 21*b + 18330 = 34*b. What are the prime factors of b?
2, 3, 5, 47
Suppose 7*i - 954 - 306 = 0. Let s = i - 61. List the prime factors of s.
7, 17
Suppose 19*t = 24*t - 100. Suppose 5*n = 3*n + t. What are the prime factors of n?
2, 5
Let w be (23/7 - 16/56)*1. Suppose 2*h - 3*c = -c + 510, 4*h - w*c - 1022 = 0. What are the prime factors of h?
257
Let j = -28 + 31. Suppose -2*x + 2*o + 32 = 0, x + 4*o - j = 23. What are the prime factors of x?
2, 3
Let h(s) = -3*s + s**2 + 6*s + 11 + s. Suppose -2*y + 0*y - 2*u = -12, -5*u = -4*y + 15. What are the prime factors of h(y)?
2, 7
Suppose -5*j = 0, j = -9*o + 13*o - 4424. What are the prime factors of o?
2, 7, 79
Let z(d) = d**3 + 2. Suppose -4*x + j = -4, -2*x + 0*x + 20 = 4*j. Let u be z(x). Suppose 11*p - u*p = 6. List the prime factors of p.
2, 3
Let g be 4/(-14) + (-2800)/(-196). Let a(x) = x**2 - 14*x + 14. What are the prime factors of a(g)?
2, 7
Let s(l) be the second derivative of -l**5/20 - 2*l**4/3 + 3*l**3/2 + 3*l**2/2 - 20*l. List the prime factors of s(-10).
113
List the prime factors of 219 - (8 + 0 + (-2 - 1)).
2, 107
Let o = 115 + 626. What are the prime factors of o?
3, 13, 19
Let m be 3 - (1 - 4*3). Let x = m - 11. Suppose 2*y + 9 = x*y. List the prime factors of y.
3
Let u(d) = -5*d**3 - 7*d**2 - 24*d + 5. List the prime factors of u(-8).
2309
Let v(b) = 139*b - 4. What are the prime factors of v(2)?
2, 137
Let f(i) = i**3 - 12*i**2 + 5*i + 28. List the prime factors of f(13).
2, 131
Suppose j - 2*u = -3*u - 24, 2*u = 2*j + 36. Let f be ((-56)/j)/(1/21). Suppose 4*c + m = f, c - 3*m - 14 = -c. List the prime factors of c.
13
Let l(y) = -1635*y - 380. List the prime factors of l(-3).
5, 181
Let i = -123 + 59. Let r = -47 - i. What are the prime factors of r?
17
What are the prime factors of ((0 - (2 + -3)) + -12)*-29?
11, 29
Let i(h) = 5*h**2 + 4*h - 12. Suppose 8*z - 10 = 3*z. What are the prime factors of i(z)?
2
Let o = -6 + 9. Let v = 3 + o. What are the prime factors of (-1)/1*(3 - v)?
3
Let w = 919 - 634. What are the prime factors of w?
3, 5, 19
Let c = 9 + -5. Suppose 3*t + 3*h = 111, -6*t + c*h = -4*t - 74. What are the prime factors of t?
37
Let b(q) = -q - 4. Let s be b(-7). Suppose s*k + 4 = 4*k. List the prime factors of k.
2
What are the prime factors of ((-3)/6)/((-13)/9178)?
353
Let s = -624 + 1826. What are the prime factors of s?
2, 601
Suppose -128*c - 42868 = -142*c. What are the prime factors of c?
2, 1531
Let j(n) = -n**3 - 29*n**2 + 85*n - 10. List the prime factors of j(-33).
23, 67
Let j = -4067 + 7470. What are the prime factors of j?
41, 83
Suppose -z + 4*k = -20, 2*z + 4*k + 8 = -0*k. Suppose 4*c + x - 232 = 0, -z*c + 0*x = -4*x - 212. What are the prime factors of c?
3, 19
Let g(p) = 3*p - 12. Let w be g(5). Suppose 0 = -w*f + 36. What are the prime factors of (112/f)/((-8)/(-36))?
2, 3, 7
Let l be (-6)/(-4)*(-20)/(-15). Suppose l*h - 147 = -7. List the prime factors of h.
2, 5, 7
Let r(c) = -c**2 - 16*c + 11. Let n be r(-17). List the prime factors of (-102)/4*n/9.
17
Suppose 0 = -6*c + 3*c + 6. Suppose 0 = -c*i + 15 + 9. Let u = -4 + i. What are the prime factors of u?
2
Let m(p) be the first derivative of -p**4/4 - 3*p**3 - 9*p**2/2 - 8*p + 7. List the prime factors of m(-9).
73
Let n = -8 + 12. Suppose n*s + k - 609 = -32, 20 = 4*k. What are the prime factors of s?
11, 13
Suppose -3*h - 37 + 22 = 0. List the prime factors of (0 - 5/h) + 73.
2, 37
Let k = -71 + 197. Let c = -64 + k. What are the prime factors of c?
2, 31
Let m be 4/6*2/(8/(-78)). Let h = 115 + m. List the prime factors of h.
2, 3, 17
Let u(b) = b**3 - 13*b**2 - 17*b + 34. List the prime factors of u(16).
2, 5, 53
Let d = -71 - -125. Suppose -3*x - 3*f + 276 - d = 0, 208 = 3*x - 4*f. List the prime factors of x.
2, 3
Suppose 2*o - j - 31 = 0, -25 - 67 = -4*o - 4*j. Let c be (-35)/(-21)*21/5. Let r = o - c. List the prime factors of r.
11
Suppose 2156 = -51*n + 14. Suppose 5*x + 4*z = 2*z - 308, 4*x + 5*z = -243. Let k = n - x. List the prime factors of k.
2, 5
Let a(z) = -7*z**2 - z - 2*z + 5*z**2 + 9. Let c be a(4). Let u = 74 + c. List the prime factors of u.
3, 13
Suppose 2331 = 8*v - 3749. List the prime factors of v.
2, 5, 19
Suppose -i = -5*x - 13, -2*i = 3*i + 4*x - 7. Suppose -574 = -i*r - 130. List the prime factors of r.
2, 37
Let q be ((-8)/5)/(3*(-5)/2700). Suppose 10*a - 2*a = q. List the prime factors of a.
2, 3
Suppose 2*d + 2 + 2 = 0. Let t be (-1)/2 + (-7)/d. Suppose -7*k + t*k = -68. List the prime factors of k.
17
Let w(h) = h - 1 - 5*h**3 - 3*h**2 + 4*h**3 - h**2 + 3*h**2. Let b be w(-3). Suppose -k + 2*j = -0*k - 13, -k = -3*j - b. List the prime factors of k.
11
Let q = 141 + -99. Suppose 3*v = 330 - q. Suppose 5*z + 6 = v. List the prime factors of z.
2, 3
Let q(y) = y**3 - 3*y**2 - 6*y + 5. Let i be q(6). Let g = 81 - i. List the prime factors of g.
2
Suppose 106*z - 99*z - 315 = 0. Suppose m - 2*l - 4 = 4*m, 0 = 5*m - 3*l + 13. List the prime factors of (-3 + z/(-2))*m.
3, 17
Suppose -4*c = 4*x - 160, 2*x = -7*c + 2*c + 185. Let f = 1048 + -1035. Let s = c - f. List the prime factors of s.
2, 11
Let v = 429 + -946. Let j = -202 - v. What are the prime factors of j?
3, 5, 7
What are the prime factors of (-200)/(-60)*354/4?
5, 59
Suppose 4*d = 6*d - 48. Let t(q) = 27*q - 126. Let u be t(6). Suppose 0 = -w + u + d. List the prime factors of w.
2, 3, 5
Let s(f) = -f**2 - 6*f - 2. Let o be (1 + 2)/(18/(-24)). Let k be s(o). List the prime factors of 18*3*2/k.
2, 3
Suppose 22*v = 7148 + 1916. List the prime factors of v.
2, 103
Suppose 2*p + 2*i = 4232, -2*p - 2*i - 4240 = -4*p. What are the prime factors of p?
2, 3, 353
Let r(s) = -s**2 + 13*s - 1. Let v be r(14). Let j = v + 60. Suppose j = 3*u - 5*w, u - 19 = 3*w - 4. What are the prime factors of u?
3, 5
Let j(s) = 31*s. Let a be j(-1). Let p be -1 - (2*a - 2). Let o = 100 - p. What are the prime factors of o?
37
Let o be (7 - 5 - -128) + -4. Suppose -o*l = -124*l - 696. What are the prime factors of l?
2, 3, 29
Let n(u) = 16*u**2 - 2*u + 9. What are the prime factors of n(4)?
257
Let u(x) = 7*x**2 + 3*x + 3129. What are the prime factors of u(0)?
3, 7, 149
Let m(r) = 73*r + 217. What are the prime factors of m(10)?
947
Let h = 40 + -38. Suppose 4*m + 3*k = 528, -k - 264 = -h*m + 3*k. List the prime factors of m.
2, 3, 11
Let k(q) = 34*q + 8. Let x be k(-10). Let s = -178 - x. What are the prime factors of s?
2, 7, 11
Suppose -103*g + 105*g = 60. Let b = g + 47. List the prime factors of b.
7, 11
Let i = 65 - 24. Let s = i + -57. Let x = s - -27. List the prime factors of x.
11
Suppose -37 - 131 = -4*z. Suppose -42 = 8*s + 6. Let l = s + z. What are the prime factors of l?
2, 3
Suppose 4*y - 43 = 5*d, 34 = -2*d - 2*d + 3*y. Let g = d + 10. Suppose -39 = -g*u + 48. What are the prime factors of u?
29
Let i be 2/(-4)*0/3. Suppose i = 5*p + 4*k, 0*p = 2*p + k. Suppose -3*j + 108 = -3*h, p = 5*h - h + 16. What are the prime factors of j?
2
Let r be (-265)/(-20)*-1 - 1/(-4). Let m = -28 + 43. Let a = m - r. What are the prime factors of a?
2, 7
Let s(p) = 4*p**3 + 10*p**2 - 8*p - 1. Let d(t) = 7*t**3 + 19*t**2 - 17*t - 3. Let u(f) = 3*d(f) - 5*s(f). List the prime factors of u(-5).
101
List the prime factors of (511/(-49))/(1/(-7)).
73
Let x(t) = -7 - 4*t + 20 + 3*t + 0. Let q(s) = -s**2 - 21*s - 64. Let f be q(-17). List the prime factors of x(f).
3
List the prime factors of 174 + -23 + 0 + 1.
2, 19
List the prime factors of -28*(46/6)/(28/(-21)).
7, 23
Let p(g) = g**2 - 2. Let i be p(-2). Suppose 3*d - 2*h = h, -h = i*d. Let f = 17 + d. What are the prime factors of f?
17
Let w be (-6)/21 - (-2)/7. Suppose w = -4*i + 4 + 16. Suppose i*x = -25, -4*c - 5*x = -3*c - 38. List the prime factors of c.
3, 7
Let o = 27 - 32. Let l(c) = 4*c**2 - 3*c + 3. List the prime factors of l(o).
2, 59
List the prime factors of 424 + 2 + 2 + -4.
2, 53
Let o(d) = -d**3 - 8*d**2 - 7*d + 2. Let g be o(-7). Let k(t) = -t - 5. Let i be k(-8). Suppose 0 = -g*r - i*r + 150. List the prime factors of r.
2, 3, 5
Suppose 13493 = 22*t - 5405. What are the prime factors of t?
859
What are the prime factors of 977 + 13/((-117)/36)?
7, 139
Suppose 0 = 315*m -